ase 10.
248
-1b4 (base 14) to base 16
-162
Convert -cca (base 14) to base 3.
-10110201
Convert -24ab (base 16) to base 6.
-111243
-5162 (base 7) to base 13
-a91
107203 (base 8) to base 2
1000111010000011
10111020002 (base 3) to base 9
114202
-3645 (base 7) to base 16
-54c
Convert bb (base 13) to base 3.
12201
What is -101231 (base 4) in base 2?
-10001101101
What is -4450 (base 6) in base 4?
-100032
Convert 131140 (base 5) to base 4.
1100302
-10088 (base 9) to base 11
-4a98
What is 1501 (base 6) in base 2?
110001101
-2012100020 (base 3) to base 2
-1010100011111100
Convert 1093b (base 12) to base 2.
101011000111111
Convert -1027 (base 11) to base 3.
-1212101
17335 (base 9) to base 13
5585
-16a (base 12) to base 15
-101
What is -110001 (base 3) in base 12?
-231
What is -220003 (base 5) in base 10?
-7503
Convert -380 (base 11) to base 7.
-1213
-17138 (base 9) to base 11
-893a
-216 (base 8) to base 3
-12021
Convert -3310413 (base 5) to base 6.
-1115451
What is -30015 (base 8) in base 12?
-7151
Convert 2242 (base 5) to base 8.
502
Convert -132333 (base 4) to base 3.
-2201110
What is 2300 (base 16) in base 11?
6806
What is -2c6 (base 13) in base 3?
-200112
What is -506 (base 7) in base 15?
-11b
What is -45362 (base 8) in base 6?
-224454
11e7 (base 15) to base 16
ee9
Convert -3033 (base 9) to base 8.
-4251
Convert 6561 (base 14) to base 5.
1030104
What is 4a1a (base 14) in base 5?
403320
-3c62 (base 16) to base 5
-443313
Convert -620c (base 14) to base 4.
-10013210
-341513 (base 7) to base 13
-21794
What is -22244 (base 5) in base 3?
-2011022
What is -4025 (base 8) in base 3?
-2211122
What is 3063a (base 13) in base 11?
5a1a0
What is 10022110221 (base 3) in base 11?
45010
What is -130d (base 16) in base 12?
-29a5
151 (base 13) to base 12
177
Convert -2082 (base 11) to base 4.
-223000
694 (base 15) to base 8
2721
Convert 100011100001 (base 2) to base 9.
3105
Convert -193 (base 11) to base 12.
-167
What is 3361 (base 13) in base 5?
212202
-101011011111000 (base 2) to base 9
-33477
-4501 (base 6) to base 16
-415
What is 1a689 (base 12) in base 14?
102c9
What is 64032 (base 8) in base 2?
110100000011010
What is 12112 (base 3) in base 10?
149
-1e75 (base 16) to base 11
-5949
What is -499 (base 16) in base 9?
-1547
305560 (base 7) to base 14
15167
Convert -112140 (base 6) to base 4.
-2111130
What is -73b9 (base 14) in base 7?
-112122
-165 (base 10) to base 12
-119
What is 12407 (base 10) in base 16?
3077
Convert -72426 (base 8) to base 2.
-111010100010110
Convert 11aa4 (base 11) to base 16.
4390
Convert 238 (base 16) to base 3.
210001
14441 (base 5) to base 15
581
What is 5134 (base 7) in base 3?
2110021
Convert -3659 (base 10) to base 2.
-111001001011
Convert -62535 (base 8) to base 4.
-12111131
Convert -11001010010110 (base 2) to base 3.
-122202122
-13a8 (base 14) to base 8
-6630
-10c0 (base 13) to base 9
-3204
6e9a (base 16) to base 10
28314
Convert -1405 (base 6) to base 3.
-111112
What is -1001111010 (base 2) in base 13?
-39a
-1111 (base 5) to base 14
-b2
Convert 4194 (base 10) to base 2.
1000001100010
Convert -c48 (base 13) to base 2.
-100000101000
-1011101101100100 (base 2) to base 14
-136a8
-1994 (base 11) to base 14
-cc3
Convert -401335 (base 6) to base 10.
-31451
Convert 1fc5 (base 16) to base 7.
32466
-27aa4 (base 11) to base 8
-115763
Convert -541 (base 10) to base 11.
-452
What is 1010 (base 6) in base 11?
192
What is 118 (base 13) in base 5?
1230
What is -10000110110100 (base 2) in base 9?
-12746
42124 (base 5) to base 10
2789
-a695 (base 11) to base 6
-145244
Convert -35 (base 6) to base 16.
-17
-1406 (base 12) to base 15
-a40
Convert 122221 (base 3) to base 14.
268
What is 11648 (base 10) in base 11?
882a
437 (base 11) to base 8
1014
What is 615 (base 8) in base 7?
1105
12da (base 14) to base 16
d00
What is -1001000001101001 (base 2) in base 10?
-36969
Convert 272a (base 15) to base 10.
8365
Convert 6 (base 10) to base 9.
6
10032 (base 5) to base 14
33c
Convert -161 (base 10) to base 6.
-425
Convert -5b27 (base 14) to base 10.
-15911
What is -3004 (base 15) in base 13?
-47c2
Convert 101101110010011 (base 2) to base 6.
300311
What is 6417 (base 10) in base 3?
22210200
What is 36617 (base 9) in base 14?
8d43
Convert 242432 (base 6) to base 5.
1140312
Convert 16174 (base 8) to base 6.
53432
What is -75a (base 13) in base 5?
-20013
Convert -1227 (base 15) to base 4.
-330112
What is 44454 (base 6) in base 10?
6226
Convert 21465 (base 8) to base 11.
6854
What is 453 (base 8) in base 13?
1a0
What is 2701 (base 9) in base 12?
120a
Convert -89a9 (base 14) to base 7.
-126402
Convert -478 (base 12) to base 3.
-220202
What is -2651 (base 13) in base 7?
-21650
What is -36047 (base 8) in base 15?
-4869
-13714 (base 8) to base 16
-17cc
What is 415 (base 7) in base 3?
21201
Convert -3224 (base 5) to base 16.
-1b7
Convert 3101 (base 11) to base 4.
1000103
What is -1124 (base 9) in base 2?
-1101000000
a18 (base 11) to base 2
10011001101
705 (base 8) to base 14
245
-13222 (base 4) to base 15
-22a
Convert 1e6 (base 16) to base 9.
600
-3111 (base 9) to base 7
-6433
What is -1000000000 (base 2) in base 10?
-512
What is -7615 (base 16) in base 7?
-154063
-66 (base 14) to base 10
-90
What is 2010201 (base 3) in base 9?
2121
What is 150 (base 11) in base 16?
b0
Convert -101111111101001 (base 2) to base 6.
-305401
What is 3230221 (base 4) in base 14?
573b
Convert 10100011 (base 2) to base 12.
117
-1545 (base 8) to base 15
-3ce
What is -1 (base 6) in base 3?
-1
1571 (base 12) to base 7
10246
Convert 140d2 (base 16) to base 4.
110003102
-111001111010110 (base 2) to base 13
-10661
-202 (base 4) to base 13
-28
Convert -233 (base 12) to base 13.
-1c2
2157 (base 9) to base 4
120313
Convert 703 (base 12) to base 7.
2643
What is 565 (base 11) in base 3?
221001
-100010011001 (base 2) to base 12
-1335
Convert -3199 (base 10) to base 5.
-100244
Convert -20223 (base 4) to base 12.
-3a3
Convert -63 (base 9) to base 12.
-49
What is -21120 (base 3) in base 14?
-108
Convert 20101 (base 4) to base 8.
1021
Convert -79319 (base 10) to base 16.
-135d7
Convert 35324 (base 9) to base 14.
8853
What is 4506 (base 7) in base 2?
11001010111
-1442 (base 10) to base 6
-10402
What is -2b6c (base 14) in base 2?
-1111000111100
Convert -1713 (base 12) to base 9.
-3686
What is -10512 (base 6) in base 7?
-4220
9293 (base 12) to base 14
5b55
Convert -3244101 (base 5) to base 16.
-db57
Convert -2100111 (base 3) to base 15.
-794
What is 373 (base 10) in base 7?
1042
What is 16482 (base 10) in base 4?
10001202
-31232301 (base 4) to base 13
-1c7a3
What is -c46 (base 13) in base 3?
-2212021
Convert 201220 (base 3) to base 6.
2253
What is -25b (base 14) in base 7?
-1244
7a7 (base 13) to base 11
aa0
110012 (base 3) to base 8
511
Convert -1222220 (base 3) to base 8.
-2657
Convert -40a (base 14) to base 6.
-3402
What is 1120001 (base 3) in base 4?
101233
Convert -221 (base 9) to base 4.
-2311
What is 9780 (base 14) in base 7?
136220
Convert 111010001100100 (base 2) to base 16.
7464
Convert 26b (base 13) to base 10.
427
Convert -40 (base 5) to base 7.
-26
5b (base 15) to base 9
105
205 (base 16) to base 10
517
Convert 65562 (base 7) to base 10.
16410
59e (base 16) to base 3
1222021
-8b (base 16) to base 12
-b7
-3ab6 (base 12) to base 7
-25500
What is -680a (base 12) in base 4?
-2310022
Convert -2b (base 16) to base 7.
-61
What is -3d3 (base 14) in base 12?
-545
What is -7b47 (base 13) in base 12?
-a015
Convert 122020 (base 3) to base 15.
210
What is -1058 (base 9) in base 8?
-1416
What is 11110100 (base 2) in base 12?
184
1431304 (base 5) to base 16
75fc
Convert 23220 (base 6) to base 16.
cfc
What is -103312 (base 5) in base 6?
-24330
-10207 (base 8) to base 14
-1783
Convert c37 (base 15) to base 6.
20424
1c84 (base 16) to base 12
4284
What is 15539 (base 12) in base 16?
75bd
What is -1000122021 (base 3) in base 4?
-10322311
What is 44555 (base 6) in base 2?
1100001110111
What is -8767 (base 9) in base 14?
-24d6
What is -3475 (base 13) in base 15?
-22ad
-140356 (base 8) to base 12
-246ba
Convert 12826 (base 9) to base 3.
102220220
What is 1303 (base 10) in base 14?
691
Convert -6b89 (base 14) to base 13.
-86b8
What is 1100202 (base 3) in base 6?
4332
What is -a77a (base 16) in base 9?
-64727
What is 10031 